{"id":429,"date":"2013-03-08T17:40:01","date_gmt":"2013-03-08T20:40:01","guid":{"rendered":"https:\/\/camiloaldaoweb.com.ar\/?page_id=429"},"modified":"2013-03-08T17:47:40","modified_gmt":"2013-03-08T20:47:40","slug":"cooperativa-agricola-ganadera-camilo-aldao-limitada","status":"publish","type":"page","link":"https:\/\/camiloaldaoweb.com.ar\/?page_id=429","title":{"rendered":"Cooperativa Agricola Ganadera Camilo Aldao Limitada"},"content":{"rendered":"<table width=\"200\" border=\"0\" align=\"center\">\n<tbody>\n<tr>\n<td>\n<div align=\"center\"><script type=\"text\/javascript\">\/\/ <![CDATA[\ngoogle_ad_client = \"ca-pub-3325158522708718\"; \/* Banner corto para Liga Futbol arriba de pages *\/ google_ad_slot = \"5032083029\"; google_ad_width = 468; google_ad_height = 60;\n\/\/ ]]><\/script><br \/>\n<script type=\"text\/javascript\" src=\"http:\/\/pagead2.googlesyndication.com\/pagead\/show_ads.js\">\/\/ <![CDATA[\n\n\n\/\/ ]]><\/script><\/div>\n<\/td>\n<\/tr>\n<\/tbody>\n<\/table>\n<p><img fetchpriority=\"high\" decoding=\"async\" class=\"decoded alignleft\" alt=\"http:\/\/media-s3.viva-images.com\/vivastreet_ar\/clad\/f1\/f\/61959045\/large\/1.jpg?dt=b2594079d824dc3786c2af059e7ba8da\" src=\"http:\/\/media-s3.viva-images.com\/vivastreet_ar\/clad\/f1\/f\/61959045\/large\/1.jpg?dt=b2594079d824dc3786c2af059e7ba8da\" width=\"421\" height=\"315\" \/>Por iniciativa de un grupo de productores agropecuarios, con el auspicio de la Federaci\u00f3n Agraria Argentina y despu\u00e9s de haber celebrado varias reuniones en distintas chacras, el 3 de mayo de 1953, finalmente se labra el acta constitutiva de la nueva cooperativa a la que se decide denominar Cooperativa Agr\u00edcola Ganadera \u201cCamilo Aldao\u201d Ltda..<br \/>\nEran los objetivos de sus fundadores crear una sociedad que fuera capaz de defender los intereses de sus asociados a trav\u00e9s de una transparente comercializaci\u00f3n de sus cosechas y que los proveyera a precios justos, de los insumos para sus explotaciones y para la manutenci\u00f3n de sus familias.<br \/>\nDesde un principio estos objetivos siempre estuvieron presentes en los dirigentes que se fueron sucediendo en la conducci\u00f3n de la cooperativa.<br \/>\nEl primer logro fue alquilar el edificio del Se\u00f1or Francisco P\u00f6et para instalar en \u00e9l la administraci\u00f3n y la secci\u00f3n de consumo. Por lo mismo se compran al Se\u00f1or P\u00f6et las instalaciones de su comercio de ramos generales<br \/>\nAl poco tiempo se concreta el otro gran objetivo: tener una planta de almacenaje de cereales para facilitar la comercializaci\u00f3n de la producci\u00f3n de sus asociados. Para ello se compran las instalaciones de la firma Rojas y C\u00eda., ubicada donde hoy se encuentra la actual planta de acopio de la Cooperativa, quedando solamente de la antigua, el silo subterr\u00e1neo que hab\u00eda construido dicha firma.<br \/>\nLos a\u00f1os se suced\u00edan y la tecnolog\u00eda tambi\u00e9n llegaba al campo modificando substancialmente la forma de trabajar la tierra y cosechar sus frutos. La mecanizaci\u00f3n hace que la cosecha de ma\u00edz ya no se realice en forma manual ni y tampoco el trigo siga cosechando \u201cen bolsas\u201d. Se impon\u00eda el trabajo \u201ca granel\u201d con el consiguiente ahorro de tiempo y costos. Hab\u00eda que adecuar las plantas de acopio para poder recibir la producci\u00f3n de los asociados a granel.<br \/>\nAtento a esta premisa, la Cooperativa centra todos sus esfuerzos en lograr que su planta pueda almacenar toda la producci\u00f3n que sus asociados estuvieran dispuestos a entregar. Y se comienza a construir lo existente dotado de silos, de tolvas de descarga, de norias m\u00e1s grandes y tambi\u00e9n de una secadora de granos que fue la primera que se instal\u00f3 en la localidad. As\u00ed hasta llegar a contar en el presente con una planta de almacenaje de 22.000 toneladas.<br \/>\nA medida que se iba solucionando el tema de la capacidad de almacenaje y acondicionamiento de los granos se iba haciendo tambi\u00e9n m\u00e1s fuerte la idea de tener alg\u00fan d\u00eda casa propia.<br \/>\nSe trabaj\u00f3 en ese sentido y en el a\u00f1o 1974 se adquiere al Club Juventud Unida la propiedad donde actualmente est\u00e1 ubicada la cooperativa. Con todo entusiasmo se encara la construcci\u00f3n de esta tan deseada obra.<br \/>\nAl fin de 1976 se inaugura la nueva sede social y al mismo tiempo se instala en ella el primer supermercado de nuestro pueblo, con todos los adelantos t\u00e9cnicos disponibles en esa \u00e9poca.<br \/>\nFueron a\u00f1os de importantes realizaciones para la entidad, que se lograron en base al esfuerzo de sus dirigentes y con el apoyo y la colaboraci\u00f3n de sus asociados que por aquel entontes ve\u00edan a la cooperativa como una herramienta sumamente necesaria, porque comprobaban que la confianza y la seguridad que este sistema les brindada no lo consegu\u00edan f\u00e1cilmente por otros medios.<br \/>\nActualmente presta a sus asociados los siguientes Servicios:<\/p>\n<p>Acopio y almacenamiento de cereales.<\/p>\n<p>Fertilizantes y agroqu\u00edmicos<\/p>\n<p>Ferreter\u00eda<\/p>\n<p>Salud \u2013 Mutual Federada<\/p>\n<p>Seguros \u201cSan Crist\u00f3bal\u201d<\/p>\n<p>Pago F\u00e1cil<\/p>\n<p>Asesoramiento a trav\u00e9s de Ingenieros Agr\u00f3nomos<\/p>\n<p>Campo experimental, actualmente con cultivo de colza<\/p>\n<p>Socio Semillero \u201cSanta Rosa\u201d.<\/p>\n<p>La Administraci\u00f3n se halla ubicada en Leandro N. Alem y Bv. San Mart\u00edn atiende de lunes a viernes de 8 horas a 17 horas. T.E. (03468) 401250<\/p>\n<p>La Planta de Silos se halla ubicada en Bv. San Mart\u00edn s\/n. T.E. (03468) 401240<\/p>\n<p>La Ferreter\u00eda se halla ubicada sobre Bv. San Mart\u00edn, T.E.(03468) 401005<\/p>\n<p>Correo Electr\u00f3nico: ccagrica@nodosud.com.ar<\/p>\n","protected":false},"excerpt":{"rendered":"<p>Por iniciativa de un grupo de productores agropecuarios, con el auspicio de la Federaci\u00f3n Agraria Argentina y despu\u00e9s de haber celebrado varias reuniones en distintas chacras, el 3 de mayo de 1953, finalmente se labra el acta constitutiva de la nueva cooperativa a la que se decide denominar Cooperativa Agr\u00edcola [&hellip;]<\/p>\n","protected":false},"author":1,"featured_media":0,"parent":0,"menu_order":0,"comment_status":"open","ping_status":"closed","template":"","meta":{"footnotes":""},"class_list":["post-429","page","type-page","status-publish","hentry"],"_links":{"self":[{"href":"https:\/\/camiloaldaoweb.com.ar\/index.php?rest_route=\/wp\/v2\/pages\/429","targetHints":{"allow":["GET"]}}],"collection":[{"href":"https:\/\/camiloaldaoweb.com.ar\/index.php?rest_route=\/wp\/v2\/pages"}],"about":[{"href":"https:\/\/camiloaldaoweb.com.ar\/index.php?rest_route=\/wp\/v2\/types\/page"}],"author":[{"embeddable":true,"href":"https:\/\/camiloaldaoweb.com.ar\/index.php?rest_route=\/wp\/v2\/users\/1"}],"replies":[{"embeddable":true,"href":"https:\/\/camiloaldaoweb.com.ar\/index.php?rest_route=%2Fwp%2Fv2%2Fcomments&post=429"}],"version-history":[{"count":2,"href":"https:\/\/camiloaldaoweb.com.ar\/index.php?rest_route=\/wp\/v2\/pages\/429\/revisions"}],"predecessor-version":[{"id":437,"href":"https:\/\/camiloaldaoweb.com.ar\/index.php?rest_route=\/wp\/v2\/pages\/429\/revisions\/437"}],"wp:attachment":[{"href":"https:\/\/camiloaldaoweb.com.ar\/index.php?rest_route=%2Fwp%2Fv2%2Fmedia&parent=429"}],"curies":[{"name":"wp","href":"https:\/\/api.w.org\/{rel}","templated":true}]}}